4
In base 13, what is 1 + -39?
-38
In base 12, what is -116 - -2?
-114
In base 4, what is 2211 - 10?
2201
In base 13, what is 42 + 197?
209
In base 8, what is -2077 + -5?
-2104
In base 9, what is -2525 + 5?
-2520
In base 9, what is -3 - 25?
-28
In base 8, what is -1421 + 5?
-1414
In base 16, what is -51 - -2?
-4f
In base 12, what is -11b36 - 5?
-11b3b
In base 8, what is 206 - 5?
201
In base 11, what is -2 - -7?
5
In base 2, what is -1000110100 + 10?
-1000110010
In base 9, what is 463 - -2?
465
In base 7, what is 253 + -5?
245
In base 11, what is -8 + -15?
-22
In base 3, what is 11020221 - -2?
11021000
In base 14, what is -1c4b + -1?
-1c4c
In base 6, what is 33 - -10133?
10210
In base 10, what is -3 + -43?
-46
In base 13, what is -181a - 0?
-181a
In base 6, what is 4 - 1150?
-1142
In base 4, what is 2102313 - -2?
2102321
In base 4, what is 20330 - -10?
21000
In base 2, what is 100 - 1001001?
-1000101
In base 12, what is 5 - -1812?
1817
In base 14, what is -5 - -13?
c
In base 6, what is -11120 - -1?
-11115
In base 15, what is 5 - -2573?
2578
In base 6, what is 50 + -2?
44
In base 10, what is -4 - 8?
-12
In base 11, what is 406 - -2?
408
In base 6, what is 32 - 105?
-33
In base 9, what is -148 + -4?
-153
In base 9, what is -28 - -15?
-13
In base 6, what is -1213 + -13?
-1230
In base 15, what is 2d5 - -4?
2d9
In base 10, what is -49 - 2?
-51
In base 5, what is 0 - 300?
-300
In base 12, what is 218 + 6?
222
In base 14, what is 0 + 14?
14
In base 6, what is 20 + 11?
31
In base 16, what is -4 - -6f?
6b
In base 2, what is 1 + 111111?
1000000
In base 9, what is 155 + 2?
157
In base 15, what is 16 - -4c?
63
In base 13, what is 73 + 3?
76
In base 10, what is -28 - 3?
-31
In base 7, what is -53 + 104?
21
In base 13, what is 3 + 2614?
2617
In base 5, what is 12 + 13341?
13403
In base 11, what is -2 - -1213?
1211
In base 12, what is 4067 + 5?
4070
In base 14, what is -4 - -54d?
549
In base 15, what is 5 - -783?
788
In base 14, what is 3 + 797?
79a
In base 6, what is -22414 + 1?
-22413
In base 7, what is 362 + -1?
361
In base 15, what is -199 - 0?
-199
In base 11, what is -24 - 6?
-2a
In base 16, what is -1c + 2b?
f
In base 2, what is 101 + 10000010011?
10000011000
In base 12, what is 8 - -158?
164
In base 16, what is -5 + -8?
-d
In base 9, what is -36 + 661?
624
In base 6, what is 430 - -11?
441
In base 11, what is -17 - 59?
-75
In base 11, what is 246a + -2?
2468
In base 9, what is -6 - -11?
4
In base 5, what is 2 - 210?
-203
In base 4, what is 2 - -133213?
133221
In base 6, what is -4 + -32?
-40
In base 14, what is -88 + 28?
-60
In base 16, what is 4e7 - -2?
4e9
In base 9, what is -14807 - 5?
-14813
In base 7, what is 23 - 33?
-10
In base 8, what is 2 - 474?
-472
In base 6, what is 1 - 10101?
-10100
In base 14, what is -1c - -3a?
1c
In base 3, what is -220220 + -10?
-221000
In base 9, what is 6 - 106?
-100
In base 13, what is 4a69 + -3?
4a66
In base 8, what is -7 + 124?
115
In base 2, what is -10 + 1000010010?
1000010000
In base 3, what is 21 - -2010?
2101
In base 15, what is 5 - 0?
5
In base 2, what is -11 + -11001?
-11100
In base 6, what is -24255 - 2?
-24301
In base 16, what is 177 + 0?
177
In base 15, what is -73 - -3?
-70
In base 9, what is -3 - 303?
-306
In base 14, what is -43 + -5d?
-a2
In base 10, what is 3 + -4?
-1
In base 8, what is 0 - 336?
-336
In base 5, what is -4031 + -32?
-4113
In base 12, what is 1 + -101a?
-1019
In base 7, what is 333 - -30?
363
In base 14, what is 380 - -1?
381
In base 11, what is 1 - 64?
-63
In base 13, what is -5 - 27b?
-283
In base 11, what is 7 - a?
-3
In base 5, what is -242 + -132?
-424
In base 14, what is 3 + 33?
36
In base 15, what is 17 + b6?
cd
In base 13, what is 1 + -19?
-18
In base 2, what is -100 + -111100?
-1000000
In base 14, what is -8 + c?
4
In base 15, what is 2 - 26?
-24
In base 14, what is 1 + -3?
-2
In base 3, what is 11 + -1021?
-1010
In base 16, what is -16ce + -4?
-16d2
In base 3, what is 1012022 - 1?
1012021
In base 6, what is 14454 - 3?
14451
In base 5, what is -2040 - 41?
-2131
In base 10, what is -3 - 125?
-128
In base 9, what is 6211 + -4?
6206
In base 3, what is 2 + -20?
-11
In base 4, what is 121202 + -3?
121133
In base 10, what is -17 + 33?
16
In base 11, what is 10 - 60?
-50
In base 13, what is -4c95 + -4?
-4c99
In base 11, what is -1 - 40?
-41
In base 5, what is 13322 - -10?
13332
In base 8, what is 1317 - 0?
1317
In base 9, what is -7 - -6172?
6164
In base 7, what is -30103 + -2?
-30105
In base 15, what is 1d - 1a6?
-188
In base 2, what is 1101111 + 1000?
1110111
In base 12, what is 0 - -80?
80
In base 6, what is 43234 - 2?
43232
In base 5, what is -1131440 + 3?
-1131432
In base 16, what is -1c + -1?
-1d
In base 4, what is -13 + 12?
-1
In base 9, what is 4 + 318?
323
In base 15, what is 10 - 0?
10
In base 8, what is 53 + 5?
60
In base 15, what is -c4 + 3?
-c1
In base 10, what is -743 + 4?
-739
In base 15, what is -c + 1?
-b
In base 6, what is -5 - -4443?
4434
In base 3, what is 22122 + 11?
22210
In base 4, what is -1212 - -31?
-1121
In base 10, what is -102 - -32?
-70
In base 6, what is 5 - 50?
-41
In base 14, what is -1 - 1082?
-1083
In base 10, what is 21 - 3?
18
In base 12, what is 77 + 45?
100
In base 11, what is -3 + -56?
-59
In base 11, what is -6 + -1763?
-1769
In base 7, what is -10 + -5545?
-5555
In base 6, what is 41 + -111?
-30
In base 15, what is 4 - ba8?
-ba4
In base 14, what is 200 - 3?
1db
In base 15, what is -63 + -51?
-b4
In base 8, what is 5 - -671?
676
In base 3, what is 20 - -1011101?
1011121
In base 12, what is -1672 - -5?
-1669
In base 9, what is 5 - 31?
-25
In base 16, what is a9 - -4?
ad
In base 14, what is 2 - -1a?
1c
In base 11, what is 33 - -3a?
72
In base 13, what is 158 + -4?
154
In base 5, what is -101200 + 3?
-101142
In base 16, what is -b + -f?
-1a
In base 16, what is 3 + 26?
29
In base 6, what is -53 - 50?
-143
In base 8, what is 2 + -1010?
-1006
In base 11, what is 23 + 165?
188
In base 15, what is -50 - 0?
-50
In base 11, what is -23 - 39?
-61
In base 5, what is -2101 + -1?
-2102
In base 12, what is 3 - -68?
6b
In base 11, what is 8 - -1a7?
204
In base 4, what is -1 - 1010302?
-1010303
In base 11, what is 67 + 1?
68
In base 10, what is 937 + 3?
940
In base 15, what is -668 + -4?
-66c
In base 14, what is b4 + 1?
b5
In base 7, what is -16 - 105?
-124
In base 11, what is 1 + 0?
1
In base 11, what is 13 + 19?
31
In base 14, what is -2 + -3a?
-3c
In base 12, what is -4 - -52?
4a
In base 8, what is -1457 - -3?
-1454
In base 5, what is 21 + -4040?
-4014
In base 9, what is 163 + 27?
201
In base 8, what is -265 - -17?
-246
In base 16, what is 9 + -47?
-3e
In base 4, what is 10 - 123102?
-123032
In base 14, what is -13 - -6?
-b
In base 6, what is 23 + 222?
245
In base 13, what is 3 + -144?
-141
In base 10, what is 4 - 44?
-40
In base 12, what is 1 - 1a29?
-1a28
In base 9, what is -2 - -116?
114
In base 12, what is -6 + -6?
-10
In base 14, what is 1 - -3c5?
3c6
In base 5, what is 2241 - 3?
2233
In base 6, what is -14 - 113?
-131
In base 6, what is 2 - 3225?
-3223
In base 3, what is -1 - 11?
-12
In base 16, what is 6c - -5?
71
In base 4, what is 11222113 - -1?
11222120
In base 14, what is -1 - 12?
-13
In base 3, what is -100210 + 2?
-100201
In base 4, what is 33301 - 11?
33230
In base 11, what is 13 - 53?
-40
In base 8, what is 14 + 5?
21
In base 3, what is 11 - -1122211?
1122222
In base 13, what is 48b + 3?
491
In base 4, what is -203 + 12?
-131
In base 2, what is 10011001 + -100?
10010101
In base 6, what is 5101 - -4?
5105
In base 2, what is -100 + -1000110?
-1001010
In base 5, what is 3 - -2?
10
In base 15, what is -14 + -20?
-34
In base 10, what is -27 + 442?
415
In base 13, what is 5519 + 0?
5519
In base 3, what is 100 - 11220?
-11120
In base 11, what is 3a3 - 2?
3a1
In base 14, what is 1b73 + 3?
1b76
In base 9, what is -8 + 12?
3
In base 3, what is -12 + 2021?
2002
In base 5, what is -14202 - -1?
-14201
In base 2, what is -101 + 1011111000000?
1011110111011
In base 13, what is 0 - -1?
1
In base 6, what is 5 + 155?
204
In base 11, what is -16a - 4?
-173
In base 9, what is -2 - 41?
-43
In base 8, what is -120 - -7?
-111
In base 4, what is 1 + 30?
31
In base 2, what is 10001 - 100000011?
-11110010
In base 8, what is -403 - 2?
-405
In base 13, what is -8